0 = 30*o - r*o + 16. Let g(y) = -y**3 - y**2 + 3*y + 3. Calculate g(o).
1
Let g(u) = -9*u - 11. Suppose -3*a - 206 = -188. Determine g(a).
43
Let q(k) = 2*k**2 - 20*k + 5. Let b = -3580 + 3588. What is q(b)?
-27
Let x be ((-40)/(-15) + -8)/(-2*2/(-6)). Let s(p) = -4*p - 5. Calculate s(x).
27
Let t(a) = 6*a - 1. Let q(l) = -14*l + 3. Suppose 6 = 8*y - 26. Let x(w) = y*q(w) + 9*t(w). Let b = 3 + -6. Determine x(b).
9
Let k(l) = 9931 - 4*l**3 - 3312 - 3313 - 2*l**2 - 3308. Determine k(2).
-42
Let y = -3 - 1. Let n = 252 + -196. Let k(a) = -59*a + n*a - 3 - 2. What is k(y)?
7
Let d(q) = 20*q - 1. Let l = -119 + 123. Suppose 4*t - l*b - 3 = -3*b, 0 = t + 4*b - 5. Determine d(t).
19
Let u(q) be the second derivative of 7*q**3/2 + 7*q**2 + 4*q + 569. What is u(-1)?
-7
Let w(j) = -j**2 - 5*j - 15. Let i be (-8)/(-32)*-20 + -2 + 1. Give w(i).
-21
Let r(m) = -m**3 + 5*m**2 + 2*m - 10. Suppose 2*j - 51 = 2*f - 59, 4*j - 9 = -f. What is r(f)?
0
Let n(x) be the first derivative of -x**3/3 - 3*x**2 + 9*x + 240. Suppose -5*d - 14 = -5*b + 16, -5*b + 34 = -4*d. Let o = b + -18. What is n(o)?
-7
Let t(n) = -29*n - 47. Let h(v) = -22*v - 33. Let k(d) = 4*h(d) - 3*t(d). Let l(j) = -3*j - 8. Let q be l(-6). Suppose -5*y + q + 25 = 0. Determine k(y).
2
Let x(w) = -454*w - 146*w + 598*w + 1. Let u be (-7 + 1)*(-2 + 1). Give x(u).
-11
Let d(q) = 68*q + 542. Let l = 8951 + -8959. What is d(l)?
-2
Let q(k) = 83 + 62 + 34*k + 179 - 61 + 2. Let a be q(-8). Let w(c) = 3*c + 29. What is w(a)?
8
Let h be 10/6*60/25. Suppose 104*f = 102*f + h. Let z(p) = f*p + 2 - 6*p - 3*p - 6*p. What is z(-2)?
28
Let p(v) = -v**3 - 14*v**2 - 17*v + 9. Let x be (-392)/245*(-45)/(-6). Determine p(x).
-75
Let x = 8142 - 8147. Let t(m) = -m**3 - 3*m**2 + m - 46. Calculate t(x).
-1
Let m = -2 + 1. Let j = -44 - -46. Let k(d) = 2*d + d**2 + 0*d**j + 2*d + 4*d**2 - 5*d. Calculate k(m).
6
Let d be 6/(-21)*-14*2*(-15)/(-20). Let j(c) be the second derivative of 0 + 3*c + 9/2*c**2 - 1/3*c**3. Determine j(d).
-3
Let u(k) = -k**2 - 9*k + 4. Let b = -440 + 472. Suppose -b*g = -15*g + 119. Calculate u(g).
18
Let v(w) = 35*w**3 + 22*w**2 + 13*w + 15. Let p(r) = -8*r**3 - 5*r**2 - 3*r - 4. Let b(g) = 13*p(g) + 3*v(g). Calculate b(-3).
-25
Let k(w) = w**2 + w - 4. Let u be (-8)/236 - 25784/5192. Calculate k(u).
16
Suppose 0 = -15*m + 11*m + v, 15 = 3*m + 3*v. Suppose g - 2*t + 11 - 14 = 0, -m = -g + t. Let k(b) = b - 3. Give k(g).
-4
Let f = -105 - -115. Let m(i) = f + 3 + 3 - 3 + i. Determine m(-10).
3
Let r(g) = -g**2 - g - 7. Let i = -5751 + 5751. Give r(i).
-7
Suppose 3187 = -784*o - 1651 + 134. Let s(l) = 9*l + 12 + 0*l + 5*l**2 - 4*l**2. What is s(o)?
-6
Let h(y) = -y**3 - 6*y**2 + y + 9. Let p be h(-6). Let l be 20/(2 + 0) + p + -6. Let b(a) = a - 15. Calculate b(l).
-8
Let v(x) = 31*x + 33. Let y(l) = 111*l + 117. Let t(p) = 18*v(p) - 5*y(p). Give t(-4).
-3
Suppose -4*p - 10 = 2*v, 0 = -3*v + 4*p + 22 + 3. Suppose -3*l = -v*s + 18, -2*s - 8 = 5*l + 8. Let q be -2 + 3 + 3 - (s - 2). Let w(a) = -a + 4. Give w(q).
0
Let n = -278 - -278. Let b(o) be the third derivative of 1/60*o**5 + 7/6*o**3 + 1/3*o**4 + n - 4*o**2 + 0*o. Determine b(-7).
0
Let o(u) = 11*u - 13. Let h(f) = 19*f - 19. Let r(d) = 5*h(d) - 8*o(d). What is r(1)?
16
Let x(l) = -43*l + 10. Let y(b) = -27*b + 11. Let o(t) = -3*x(t) + 4*y(t). Determine o(-1).
-7
Let s(i) = 69*i - 466. Let m(q) = -3*q - 12. Let g(n) = -4*m(n) - s(n). Determine g(9).
1
Let h(m) = 2*m**2 + m - 1. Let l(w) = w**3 - 5*w + 2. Suppose -2*c - 5*u = -6*c - 4, -c + 4*u = 1. Let g(z) = c*l(z) + 2*h(z). Calculate g(5).
6
Let l(s) be the second derivative of -s**4/12 - 4*s**3/3 + 3*s**2 - s. Let p(q) = q**3 + 47*q**2 + 511*q + 457. Let a be p(-31). Determine l(a).
6
Let s(y) = -y**3 + 6*y**2 - 2*y + 5. Suppose -197*c + 2448 = -203*c. Let u = c + 413. Give s(u).
20
Let w(v) = v**3 - 13*v**2 - v + 10. Let y be -1 - -2 - (1 - 2). Let z = -285 + 289. Suppose 0 = -4*o - y*q + 44, -z*o + 3*q = 2*q - 56. Calculate w(o).
-3
Let d be (2/(-10))/(12 - 793/65). Let u(x) = -2*x + 1. Let j(t) = t**2 + 3*t - 3. Let p(s) = d*j(s) + 5*u(s). Determine p(6).
-4
Let l(t) = t**3 - 2*t**2 - 3. Let k(f) = 5*f**2 - 33*f - 137. Let u(g) = g**2 + 1. Let x(n) = -k(n) + 6*u(n). Let z be x(-28). Calculate l(z).
6
Let i(o) = 5*o + 35. Let f be i(-7). Let u(t) = t**3 - t + f - 3 - 14*t + 13*t. What is u(-2)?
-7
Let q(u) = 5 + 0 + 145*u + 14 - 1 - 133*u. What is q(6)?
90
Let u(w) = -w + 1. Let a(v) = -v**2 + 3*v - 4. Let d = -2 - -6. Let r(f) = d*u(f) + a(f). Suppose 7*b = 548 - 555. What is r(b)?
0
Let c(j) = j**3 + j**2 + j. Let m(i) = 4*i**3 + 11*i**2 + 46*i + 5. Let b(f) = 5*c(f) - m(f). Calculate b(-4).
-1
Let h(v) = v**3 + 2*v**2 - 2*v + 4. Suppose 4*i + 1943 + 1685 = 0. Let d = 904 + i. What is h(d)?
1
Suppose -4*s - s = 5. Let a = -8390 - -12789. Let m(b) = -a*b**2 + 1 + 18*b**3 + 2*b + 4399*b**2. Determine m(s).
-19
Let j(z) = -6*z**2 + 82*z - 44. Let i = -5344 + 5357. Calculate j(i).
8
Let d = 25 - 63. Let n = d - -40. Let l(x) = x**n + x - x - 2*x + x. Determine l(-2).
6
Let o be 13/(260/(-24))*-5. Let q(z) = -7*z**3 - 17*z**2 - 2*z - 4. Let r(m) = 8*m**3 + 19*m**2 + 3*m + 5. Let h(s) = o*r(s) + 7*q(s). Calculate h(-4).
-30
Let r(p) = -p**3 - 7*p**2 - 5*p - 8. Let q be (-1 - (-4 - 4)) + -4. Suppose -4 = -2*w, q*y - 5*w - 6 - 2 = 0. Suppose d = 5*i - i - y, 0 = -5*i. Determine r(d).
-14
Let o(y) = -3*y + 119. Let f(m) = -5*m**3 + 34*m**2 - 15*m - 16. Let d be f(6). Calculate o(d).
5
Let r(w) be the third derivative of w**5/60 - 3*w**4/8 + 10*w**3/3 + 478*w**2 - w. Give r(10).
30
Let w(s) = -2*s + 4. Let p be -8 + (-3969)/28 - (-1)/(-4). Let g = p - -155. Give w(g).
-6
Let r(g) = -15*g + 58. Let u be (978/652)/(6/20). Give r(u).
-17
Let w(b) = -b**3 + 7*b**2 - 7. Suppose 15*t + 476 = 581. Give w(t).
-7
Let c(q) = q**3 + 5*q**2 - 44*q + 47. Let r be c(3). Let z(y) = 2*y - 30. Give z(r).
-56
Let q(m) = 3*m**2 + 3*m + 2. Let h be q(-1). Suppose h + 34 = 3*l. Let k = l + -10. Let x(t) = -t**3 + t**2 + t + 1. Give x(k).
-1
Let k(z) = 2*z**2 + 6*z - 4. Let b be ((0 - -9)/9)/((-1)/137). Let a = 132 + b. Give k(a).
16
Let w(l) be the second derivative of 0 + 2/3*l**3 - 1/12*l**4 - 12*l - 5/2*l**2. Determine w(5).
-10
Let h(q) be the first derivative of q**6/360 + q**5/60 + 19*q**3 + q**2/2 - 28. Let a(c) be the third derivative of h(c). Give a(-3).
3
Let c(l) be the first derivative of -1/4*l**4 + 2*l**2 - 3*l + 0*l**3 - 60. Calculate c(3).
-18
Let r(y) = -y - 3. Suppose 93 = 5*h - 152. Suppose 6 = -5*p - h. Let c(q) = q**3 + 10*q**2 - 9*q + 16. Let u be c(p). Calculate r(u).
3
Let m(c) be the first derivative of -c**3/3 + c**2 - c - 127. Let t(n) = 7*n**2 - 5*n + 11. Let l(k) = 6*m(k) + t(k). What is l(-5)?
-5
Let w(h) = -2*h + 8. Let m be (-4)/(-7) + (-96)/(-224). Let p(n) = -9*n**2 + 10*n - 10. Let k be p(m). Calculate w(k).
26
Suppose -14*y - 29*y = 15 + 28. Let x(f) = 90*f - 2. What is x(y)?
-92
Let f be 6/18 - (-15)/9 - -22. Suppose -2 = 11*i - f. Let y(h) = -3*h**3 + h**2 - 2*h + 2. Calculate y(i).
-22
Let z(p) = p**2 - 4*p + 3. Suppose 95 = 5*q - 3*b + 1749, -4*q - b = 1313. Let h = 333 + q. What is z(h)?
3
Let d(o) be the second derivative of 17*o**3/6 - o**2 - 596*o. Calculate d(-3).
-53
Let h(j) = 8*j**2 + 9*j + 14. Let o(g) = -11*g**2 - 14*g - 20. Let x(s) = 7*h(s) + 5*o(s). Suppose -3*w - 15 + 3 = -3*i, -4*i + 22 = -2*w. Determine x(i).
-2
Suppose 0 = 5*o + s + s - 3, -5*o + 9 = -4*s. Let g be 13*o/(1/(-3)*3). Let l(m) = -m**3 - 13*m**2 - 7. What is l(g)?
-7
Let s(k) be the third derivative of k**4/24 + k**2. Let t(m) be the first derivative of m**2/2 + 79. Let w(l) = 4*s(l) - 5*t(l). Give w(4).
-4
Let s(f) = 2*f + 21. Let j = 299 - 295. Suppose 33 = j*k + 89. What is s(k)?
-7
Let z(y) be the first derivative of 0*y + 174 - 3/2*y**2 + 8/3*y**3. Give z(2).
26
Suppose z = -z + 11*z. Let m be (z + -2 - 4)*12/(-36). Let x(f) be the first derivative of -f**3/3 + f**2 + f + 1. Give x(m).
1
Let t(o) = 5*o**2 + 4*o + 2. Let a = 2012 - 1990. Suppose -20 - 4 = -r. Let g = a - r. Calculate t(g).
14
Let l(u) be the first derivative of u**5/20 - u**4/3 - 4*u**3/3 + 7*u**2/2 + 12*u + 33. Let a(m) be the first derivative of l(m). Give a(5).
-8
Let z(h) = -273 + h**2 + 13*h - 252 + 523. Calculate z